{"id":12,"date":"2021-04-15T20:29:59","date_gmt":"2021-04-15T20:29:59","guid":{"rendered":"https:\/\/taxitaxiapp.com\/sitio\/?page_id=12"},"modified":"2021-04-26T08:22:24","modified_gmt":"2021-04-26T12:22:24","slug":"nosotros","status":"publish","type":"page","link":"https:\/\/taxitaxiapp.com\/sitio\/index.php\/nosotros\/","title":{"rendered":"Nosotros"},"content":{"rendered":"\n<p><strong>TAXI-TAXI<\/strong>, es un producto desarrollado, manejado y promovido por <strong>IT Servicios y Suministros, C.A. (ITSERVIS)<\/strong>, empresa Prestadora de Productos y Servicios Tecnol\u00f3gicos, establecida en Ciudad Guayana, Venezuela. Nos desarrollamos d\u00eda a d\u00eda, para poner lo \u00faltimo de la Tecnolog\u00eda, a disposici\u00f3n de nuestros clientes y relacionados.<\/p>\n\n\n\n<p><\/p>\n\n\n\n<p>La Plataforma, est\u00e1 activa y disponible para Venezuela, en etapa <strong>BETA<\/strong>. Trabajamos con limitados recursos para mejorar nuestra infraestructura y procesos, con el feedback que nos aportan nuestros usuarios. Te invitamos a unirte y ser parte de nuestro crecimiento.<\/p>\n\n\n\n<p><\/p>\n\n\n\n<p class=\"has-text-align-center\">Atentamente,<\/p>\n\n\n\n<p class=\"has-text-align-center\">El Equipo de TAXI-TAXI<\/p>\n","protected":false},"excerpt":{"rendered":"<p>TAXI-TAXI, es un producto desarrollado, manejado y promovido por IT Servicios y Suministros, C.A. (ITSERVIS), empresa Prestadora de Productos y Servicios Tecnol\u00f3gicos, establecida en Ciudad Guayana, Venezuela. Nos desarrollamos d\u00eda a d\u00eda, para poner lo \u00faltimo de la Tecnolog\u00eda, a disposici\u00f3n de nuestros clientes y relacionados. La Plataforma, est\u00e1 activa y disponible para Venezuela, en [&hellip;]<\/p>\n","protected":false},"author":1,"featured_media":0,"parent":0,"menu_order":0,"comment_status":"closed","ping_status":"closed","template":"","meta":{"om_disable_all_campaigns":false,"footnotes":""},"_links":{"self":[{"href":"https:\/\/taxitaxiapp.com\/sitio\/index.php\/wp-json\/wp\/v2\/pages\/12"}],"collection":[{"href":"https:\/\/taxitaxiapp.com\/sitio\/index.php\/wp-json\/wp\/v2\/pages"}],"about":[{"href":"https:\/\/taxitaxiapp.com\/sitio\/index.php\/wp-json\/wp\/v2\/types\/page"}],"author":[{"embeddable":true,"href":"https:\/\/taxitaxiapp.com\/sitio\/index.php\/wp-json\/wp\/v2\/users\/1"}],"replies":[{"embeddable":true,"href":"https:\/\/taxitaxiapp.com\/sitio\/index.php\/wp-json\/wp\/v2\/comments?post=12"}],"version-history":[{"count":13,"href":"https:\/\/taxitaxiapp.com\/sitio\/index.php\/wp-json\/wp\/v2\/pages\/12\/revisions"}],"predecessor-version":[{"id":227,"href":"https:\/\/taxitaxiapp.com\/sitio\/index.php\/wp-json\/wp\/v2\/pages\/12\/revisions\/227"}],"wp:attachment":[{"href":"https:\/\/taxitaxiapp.com\/sitio\/index.php\/wp-json\/wp\/v2\/media?parent=12"}],"curies":[{"name":"wp","href":"https:\/\/api.w.org\/{rel}","templated":true}]}}